{"id":606,"date":"2026-04-12T00:28:19","date_gmt":"2026-04-12T00:28:19","guid":{"rendered":"https:\/\/bichvi.azdigi.shop\/?post_type=product&#038;p=606"},"modified":"2026-04-12T00:29:03","modified_gmt":"2026-04-12T00:29:03","slug":"vi-nu-ngan-nap-gap-imee-size-11-ban-sao","status":"publish","type":"product","link":"https:\/\/bichvi.azdigi.shop\/index.php\/product\/vi-nu-ngan-nap-gap-imee-size-11-ban-sao\/","title":{"rendered":"V\u00ed N\u1eef Ng\u1eafn N\u1eafp G\u1eadp Imee Size 11 (B\u1ea3n Sao)"},"content":{"rendered":"<h1><span dir=\"auto\" style=\"vertical-align: inherit;\"><span dir=\"auto\" style=\"vertical-align: inherit;\"><span dir=\"auto\" style=\"vertical-align: inherit;\"><span dir=\"auto\" style=\"vertical-align: inherit;\"><span dir=\"auto\" style=\"vertical-align: inherit;\"><span dir=\"auto\" style=\"vertical-align: inherit;\">V\u00ed d\u1ee5 M\u0169 len ng\u1eafn c\u1ee7a Imee Girl<\/span><\/span><\/span><\/span><\/span><\/span><\/h1>\n<p><img loading=\"lazy\" decoding=\"async\" class=\"alignnone wp-image-468\" src=\"https:\/\/bichvi.azdigi.shop\/wp-content\/uploads\/2026\/04\/hapas26-2-1_80902695cee24e8bb0cd4629d07cc7cb_master-225x300.jpg\" alt=\"V\u00ed n\u1eef c\u1eaft ng\u1eafn Imee Size 11 cao c\u1ea5p\" width=\"383\" height=\"511\" srcset=\"https:\/\/bichvi.azdigi.shop\/wp-content\/uploads\/2026\/04\/hapas26-2-1_80902695cee24e8bb0cd4629d07cc7cb_master-225x300.jpg 225w, https:\/\/bichvi.azdigi.shop\/wp-content\/uploads\/2026\/04\/hapas26-2-1_80902695cee24e8bb0cd4629d07cc7cb_master-768x1024.jpg 768w, https:\/\/bichvi.azdigi.shop\/wp-content\/uploads\/2026\/04\/hapas26-2-1_80902695cee24e8bb0cd4629d07cc7cb_master-1152x1536.jpg 1152w, https:\/\/bichvi.azdigi.shop\/wp-content\/uploads\/2026\/04\/hapas26-2-1_80902695cee24e8bb0cd4629d07cc7cb_master-600x800.jpg 600w, https:\/\/bichvi.azdigi.shop\/wp-content\/uploads\/2026\/04\/hapas26-2-1_80902695cee24e8bb0cd4629d07cc7cb_master.jpg 1536w\" sizes=\"auto, (max-width: 383px) 100vw, 383px\" \/><\/p>\n<h2 data-path-to-node=\"8\"><span dir=\"auto\" style=\"vertical-align: inherit;\"><span dir=\"auto\" style=\"vertical-align: inherit;\"><span dir=\"auto\" style=\"vertical-align: inherit;\"><span dir=\"auto\" style=\"vertical-align: inherit;\"><span dir=\"auto\" style=\"vertical-align: inherit;\"><span dir=\"auto\" style=\"vertical-align: inherit;\">1. Thi\u1ebft k\u1ebf <\/span><\/span><\/span><\/span><\/span><\/span><span dir=\"auto\" style=\"vertical-align: inherit;\"><span dir=\"auto\" style=\"vertical-align: inherit;\"><span dir=\"auto\" style=\"vertical-align: inherit;\"><span dir=\"auto\" style=\"vertical-align: inherit;\"><span dir=\"auto\" style=\"vertical-align: inherit;\"><span dir=\"auto\" style=\"vertical-align: inherit;\">thu g\u1ecdn v\u00e0 th\u1eddi gian<\/span><\/span><\/span><\/span><\/span><\/span><\/h2>\n<p data-path-to-node=\"9\"><span dir=\"auto\" style=\"vertical-align: inherit;\"><span dir=\"auto\" style=\"vertical-align: inherit;\"><span dir=\"auto\" style=\"vertical-align: inherit;\"><span dir=\"auto\" style=\"vertical-align: inherit;\"><span dir=\"auto\" style=\"vertical-align: inherit;\"><span dir=\"auto\" style=\"vertical-align: inherit;\">\u0110i\u1ec3m n\u1ed5i b\u1eadt \u0111\u1ea7u ti\u00ean c\u1ee7a chi\u1ebfc v\u00ed n\u00e0y ch\u00ednh l\u00e0 k\u00edch th\u01b0\u1edbc Size 11 c\u1ef1c k\u1ef3 linh ho\u1ea1t. <\/span><\/span><\/span><\/span><\/span><\/span><b data-path-to-node=\"9\" data-index-in-node=\"85\"><span dir=\"auto\" style=\"vertical-align: inherit;\"><span dir=\"auto\" style=\"vertical-align: inherit;\"><span dir=\"auto\" style=\"vertical-align: inherit;\"><span dir=\"auto\" style=\"vertical-align: inherit;\"><span dir=\"auto\" style=\"vertical-align: inherit;\"><span dir=\"auto\" style=\"vertical-align: inherit;\">Nh\u1edd v\u00e0o<\/span><\/span><\/span><\/span><\/span><\/span><\/b><span dir=\"auto\" style=\"vertical-align: inherit;\"><span dir=\"auto\" style=\"vertical-align: inherit;\"><span dir=\"auto\" style=\"vertical-align: inherit;\"><span dir=\"auto\" style=\"vertical-align: inherit;\"><span dir=\"auto\" style=\"vertical-align: inherit;\"><span dir=\"auto\" style=\"vertical-align: inherit;\"> thi\u1ebft k\u1ebf S\u1ea3n ph\u1ea9m k\u1ebft h\u1ee3p kh\u00f3a k\u00e9o ch\u1eafc ch\u1eafn, b\u1ea1n c\u00f3 th\u1ec3 d\u1ec5 d\u00e0ng l\u01b0u tr\u1eef v\u00ed trong nh\u1eefng chi\u1ebfc t\u00fai x\u00e1ch c\u1ee1 nh\u1ecf ho\u1eb7c th\u1eadm ch\u00ed l\u00e0 c\u1ea7m tay.<\/span><\/span><\/span><\/span><\/span><\/span><\/p>\n<p data-path-to-node=\"10\"><b data-path-to-node=\"10\" data-index-in-node=\"0\"><span dir=\"auto\" style=\"vertical-align: inherit;\"><span dir=\"auto\" style=\"vertical-align: inherit;\"><span dir=\"auto\" style=\"vertical-align: inherit;\"><span dir=\"auto\" style=\"vertical-align: inherit;\"><span dir=\"auto\" style=\"vertical-align: inherit;\"><span dir=\"auto\" style=\"vertical-align: inherit;\">Tuy nhi\u00ean<\/span><\/span><\/span><\/span><\/span><\/span><\/b><span dir=\"auto\" style=\"vertical-align: inherit;\"><span dir=\"auto\" style=\"vertical-align: inherit;\"><span dir=\"auto\" style=\"vertical-align: inherit;\"><span dir=\"auto\" style=\"vertical-align: inherit;\"><span dir=\"auto\" style=\"vertical-align: inherit;\"><span dir=\"auto\" style=\"vertical-align: inherit;\"> , \u0111\u1eebng hi\u1ec3n th\u1ecb th\u00f4ng \u0111i\u1ec7p l\u1eeba \u0111\u1ea3o nh\u1ecf cho b\u1ea1n. Trong v\u00ed d\u1ee5 \u0111\u01b0\u1ee3c ph\u00e2n chia c\u00e1c ng\u0103n ch\u1eb7n m\u1ed9t c\u00e1ch khoa h\u1ecdc, gi\u00fap b\u1ea1n s\u1eafp x\u1ebfp th\u1ebb ng\u00e2n h\u00e0ng, ti\u1ec1n m\u1eb7t v\u00e0 c\u00e1c t\u1edd gi\u1ea5y t\u00f9y th\u00e2n m\u1ed9t c\u00e1ch ng\u0103n ch\u1eb7n.<\/span><\/span><\/span><\/span><\/span><\/span><\/p>\n<h2 data-path-to-node=\"11\"><span dir=\"auto\" style=\"vertical-align: inherit;\"><span dir=\"auto\" style=\"vertical-align: inherit;\"><span dir=\"auto\" style=\"vertical-align: inherit;\"><span dir=\"auto\" style=\"vertical-align: inherit;\"><span dir=\"auto\" style=\"vertical-align: inherit;\"><span dir=\"auto\" style=\"vertical-align: inherit;\">2. Ch\u1ea5t li\u1ec7u v\u00e0 m\u00e0u s\u1eafc tinh t\u1ebf<\/span><\/span><\/span><\/span><\/span><\/span><\/h2>\n<p data-path-to-node=\"12\"><span dir=\"auto\" style=\"vertical-align: inherit;\"><span dir=\"auto\" style=\"vertical-align: inherit;\"><span dir=\"auto\" style=\"vertical-align: inherit;\"><span dir=\"auto\" style=\"vertical-align: inherit;\"><span dir=\"auto\" style=\"vertical-align: inherit;\"><span dir=\"auto\" style=\"vertical-align: inherit;\">M\u1eabu <\/span><\/span><\/span><\/span><\/span><\/span><b data-path-to-node=\"12\" data-index-in-node=\"4\"><span dir=\"auto\" style=\"vertical-align: inherit;\"><span dir=\"auto\" style=\"vertical-align: inherit;\"><span dir=\"auto\" style=\"vertical-align: inherit;\"><span dir=\"auto\" style=\"vertical-align: inherit;\"><span dir=\"auto\" style=\"vertical-align: inherit;\"><span dir=\"auto\" style=\"vertical-align: inherit;\">V\u00ed n\u1eef S\u1ea3n ph\u1ea9m ng\u1eafn Imee<\/span><\/span><\/span><\/span><\/span><\/span><\/b><span dir=\"auto\" style=\"vertical-align: inherit;\"><span dir=\"auto\" style=\"vertical-align: inherit;\"><span dir=\"auto\" style=\"vertical-align: inherit;\"><span dir=\"auto\" style=\"vertical-align: inherit;\"><span dir=\"auto\" style=\"vertical-align: inherit;\"><span dir=\"auto\" style=\"vertical-align: inherit;\"> \u0111\u01b0\u1ee3c ch\u1ebf t\u1ea1o t\u1eeb ch\u1ea5t li\u1ec7u t\u1ed5ng h\u1ee3p cao c\u1ea5p, mang l\u1ea1i c\u1ea3m gi\u00e1c nh\u1ea1y c\u1ea3m th\u01b0\u01a1ng m\u1ea1i khi ch\u1ea1m v\u00e0o.\u00a0<\/span><\/span><\/span><\/span><\/span><\/span><\/p>\n<p data-path-to-node=\"13\"><b data-path-to-node=\"13\" data-index-in-node=\"0\"><span dir=\"auto\" style=\"vertical-align: inherit;\"><span dir=\"auto\" style=\"vertical-align: inherit;\"><span dir=\"auto\" style=\"vertical-align: inherit;\"><span dir=\"auto\" style=\"vertical-align: inherit;\"><span dir=\"auto\" style=\"vertical-align: inherit;\"><span dir=\"auto\" style=\"vertical-align: inherit;\">C\u1ee5 th\u1ec3 nh\u01b0 sau<\/span><\/span><\/span><\/span><\/span><\/span><\/b><span dir=\"auto\" style=\"vertical-align: inherit;\"><span dir=\"auto\" style=\"vertical-align: inherit;\"><span dir=\"auto\" style=\"vertical-align: inherit;\"><span dir=\"auto\" style=\"vertical-align: inherit;\"><span dir=\"auto\" style=\"vertical-align: inherit;\"><span dir=\"auto\" style=\"vertical-align: inherit;\"> , b\u1ea1n c\u00f3 th\u1ec3 ch\u1ecdn m\u1eabu v\u00ed d\u1ee5 n\u00e0y cho:<\/span><\/span><\/span><\/span><\/span><\/span><\/p>\n<ul data-path-to-node=\"14\">\n<li>\n<p data-path-to-node=\"14,0,0\"><span dir=\"auto\" style=\"vertical-align: inherit;\"><span dir=\"auto\" style=\"vertical-align: inherit;\"><span dir=\"auto\" style=\"vertical-align: inherit;\"><span dir=\"auto\" style=\"vertical-align: inherit;\"><span dir=\"auto\" style=\"vertical-align: inherit;\"><span dir=\"auto\" style=\"vertical-align: inherit;\">S\u1eed d\u1ee5ng h\u00e0ng ng\u00e0y khi \u0111i l\u00e0m ho\u1eb7c \u0111i h\u1ecdc.<\/span><\/span><\/span><\/span><\/span><\/span><\/p>\n<\/li>\n<li>\n<p data-path-to-node=\"14,1,0\"><span dir=\"auto\" style=\"vertical-align: inherit;\"><span dir=\"auto\" style=\"vertical-align: inherit;\"><span dir=\"auto\" style=\"vertical-align: inherit;\"><span dir=\"auto\" style=\"vertical-align: inherit;\"><span dir=\"auto\" style=\"vertical-align: inherit;\"><span dir=\"auto\" style=\"vertical-align: inherit;\">Qu\u00e0 t\u1eb7ng \u00fd ngh\u0129a d\u00e0nh cho b\u1ea1n b\u00e8 v\u00e0 ng\u01b0\u1eddi th\u00e2n v\u00e0o nh\u1eefng d\u1ecbp \u0111\u1eb7c bi\u1ec7t.<\/span><\/span><\/span><\/span><\/span><\/span><\/p>\n<\/li>\n<li>\n<p data-path-to-node=\"14,2,0\"><span dir=\"auto\" style=\"vertical-align: inherit;\"><span dir=\"auto\" style=\"vertical-align: inherit;\"><span dir=\"auto\" style=\"vertical-align: inherit;\"><span dir=\"auto\" style=\"vertical-align: inherit;\"><span dir=\"auto\" style=\"vertical-align: inherit;\"><span dir=\"auto\" style=\"vertical-align: inherit;\">K\u1ebft h\u1ee3p c\u00f9ng c\u00e1c m\u1eabu <\/span><\/span><\/span><\/span><\/span><\/span><a class=\"ng-star-inserted\" href=\"https:\/\/www.google.com\/search?q=https:\/\/hapas.vn\/tui-xach\" target=\"_blank\" rel=\"noopener\" data-hveid=\"0\" data-ved=\"0CAAQ_4QMahgKEwiSq5yQk96TAxUAAAAAHQAAAAAQ-QE\"><span dir=\"auto\" style=\"vertical-align: inherit;\"><span dir=\"auto\" style=\"vertical-align: inherit;\"><span dir=\"auto\" style=\"vertical-align: inherit;\"><span dir=\"auto\" style=\"vertical-align: inherit;\"><span dir=\"auto\" style=\"vertical-align: inherit;\"><span dir=\"auto\" style=\"vertical-align: inherit;\">t\u00fai x\u00e1ch Hapas<\/span><\/span><\/span><\/span><\/span><\/span><\/a><span dir=\"auto\" style=\"vertical-align: inherit;\"><span dir=\"auto\" style=\"vertical-align: inherit;\"><span dir=\"auto\" style=\"vertical-align: inherit;\"><span dir=\"auto\" style=\"vertical-align: inherit;\"><span dir=\"auto\" style=\"vertical-align: inherit;\"><span dir=\"auto\" style=\"vertical-align: inherit;\"> \u0111\u1ec3 t\u1ea1o n\u00ean b\u1ed9 \u0111\u00f4i ho\u00e0n h\u1ea3o.<\/span><\/span><\/span><\/span><\/span><\/span><\/p>\n<\/li>\n<\/ul>\n<h2 data-path-to-node=\"15\"><span dir=\"auto\" style=\"vertical-align: inherit;\"><span dir=\"auto\" style=\"vertical-align: inherit;\"><span dir=\"auto\" style=\"vertical-align: inherit;\"><span dir=\"auto\" style=\"vertical-align: inherit;\"><span dir=\"auto\" style=\"vertical-align: inherit;\"><span dir=\"auto\" style=\"vertical-align: inherit;\">3. T\u1ea1i sao b\u1ea1n n\u00ean s\u1edf h\u1eefu m\u1eabu v\u00ed Imee t\u1ea1i Hapas?<\/span><\/span><\/span><\/span><\/span><\/span><\/h2>\n<p data-path-to-node=\"16\"><b data-path-to-node=\"16\" data-index-in-node=\"0\"><span dir=\"auto\" style=\"vertical-align: inherit;\"><span dir=\"auto\" style=\"vertical-align: inherit;\"><span dir=\"auto\" style=\"vertical-align: inherit;\"><span dir=\"auto\" style=\"vertical-align: inherit;\"><span dir=\"auto\" style=\"vertical-align: inherit;\"><span dir=\"auto\" style=\"vertical-align: inherit;\">T\u00f3m t\u1eaft l\u1ea1i<\/span><\/span><\/span><\/span><\/span><\/span><\/b><span dir=\"auto\" style=\"vertical-align: inherit;\"><span dir=\"auto\" style=\"vertical-align: inherit;\"><span dir=\"auto\" style=\"vertical-align: inherit;\"><span dir=\"auto\" style=\"vertical-align: inherit;\"><span dir=\"auto\" style=\"vertical-align: inherit;\"><span dir=\"auto\" style=\"vertical-align: inherit;\"> , Chi\u1ebfc <\/span><\/span><\/span><\/span><\/span><\/span><b data-path-to-node=\"16\" data-index-in-node=\"15\"><span dir=\"auto\" style=\"vertical-align: inherit;\"><span dir=\"auto\" style=\"vertical-align: inherit;\"><span dir=\"auto\" style=\"vertical-align: inherit;\"><span dir=\"auto\" style=\"vertical-align: inherit;\"><span dir=\"auto\" style=\"vertical-align: inherit;\"><span dir=\"auto\" style=\"vertical-align: inherit;\">V\u00ed n\u1eef ng\u1eafn S\u1ea3n ph\u1ea9m Imee<\/span><\/span><\/span><\/span><\/span><\/span><\/b><span dir=\"auto\" style=\"vertical-align: inherit;\"><span dir=\"auto\" style=\"vertical-align: inherit;\"><span dir=\"auto\" style=\"vertical-align: inherit;\"><span dir=\"auto\" style=\"vertical-align: inherit;\"><span dir=\"auto\" style=\"vertical-align: inherit;\"><span dir=\"auto\" style=\"vertical-align: inherit;\"> kh\u00f4ng ch\u1ec9 \u0111\u01a1n thu\u1ea7n l\u00e0 v\u1eadt l\u01b0u tr\u1eef m\u00e0 c\u00f2n l\u00e0 ph\u1ee5 ki\u1ec7n kh\u1eb3ng \u0111\u1ecbnh gu th\u1ea9m m\u1ef9 c\u1ee7a ch\u1ee7 nh\u00e2n.\u00a0<\/span><\/span><\/span><\/span><\/span><\/span><\/p>\n<p data-path-to-node=\"17\"><a href=\"https:\/\/bichvi.azdigi.shop\/wp-admin\/post-new.php?post_type=product\"><span dir=\"auto\" style=\"vertical-align: inherit;\"><span dir=\"auto\" style=\"vertical-align: inherit;\"><span dir=\"auto\" style=\"vertical-align: inherit;\"><span dir=\"auto\" style=\"vertical-align: inherit;\"><span dir=\"auto\" style=\"vertical-align: inherit;\"><span dir=\"auto\" style=\"vertical-align: inherit;\">LI\u00caN H\u1ec6 NGAY<\/span><\/span><\/span><\/span><\/span><\/span><\/a><\/p>\n","protected":false},"excerpt":{"rendered":"<p>V\u00ed d\u1ee5 M\u0169 len ng\u1eafn c\u1ee7a Imee Girl 1. Thi\u1ebft k\u1ebf thu g\u1ecdn v\u00e0 th\u1eddi gian \u0110i\u1ec3m n\u1ed5i b\u1eadt \u0111\u1ea7u ti\u00ean c\u1ee7a chi\u1ebfc v\u00ed n\u00e0y ch\u00ednh l\u00e0 k\u00edch th\u01b0\u1edbc Size 11 c\u1ef1c k\u1ef3 linh ho\u1ea1t. Nh\u1edd v\u00e0o thi\u1ebft k\u1ebf S\u1ea3n ph\u1ea9m k\u1ebft h\u1ee3p kh\u00f3a k\u00e9o ch\u1eafc ch\u1eafn, b\u1ea1n c\u00f3 th\u1ec3 d\u1ec5 d\u00e0ng l\u01b0u tr\u1eef v\u00ed [&#8230;]\n","protected":false},"featured_media":468,"comment_status":"open","ping_status":"closed","template":"","meta":[],"product_brand":[],"product_cat":[15,70,76],"product_tag":[],"class_list":{"0":"post-606","1":"product","2":"type-product","3":"status-publish","4":"has-post-thumbnail","6":"product_cat-uncategorized","7":"product_cat-bts-little-grace","8":"product_cat-vi-phu-kien","10":"first","11":"instock","12":"taxable","13":"shipping-taxable","14":"purchasable","15":"product-type-variable"},"yoast_head":"<!-- This site is optimized with the Yoast SEO plugin v27.1.1 - https:\/\/yoast.com\/product\/yoast-seo-wordpress\/ -->\n<title>V\u00ed N\u1eef Ng\u1eafn N\u1eafp G\u1eadp Imee Size 11 (B\u1ea3n Sao) - nguyenthibichvi<\/title>\n<meta name=\"description\" content=\"Kh\u00e1m ph\u00e1 ngay v\u00ed n\u1eef HAPAS cao c\u1ea5p - m\u1eabu v\u00ed c\u1ea7m tay nh\u1ecf g\u1ecdn ho\u00e0n h\u1ea3o cho ph\u00e1i \u0111\u1eb9p. Thi\u1ebft k\u1ebf sang tr\u1ecdng, ti\u1ec7n d\u1ee5ng v\u1edbi nhi\u1ec1u ng\u0103n \u0111\u1ef1ng th\u1ebb\" \/>\n<meta name=\"robots\" content=\"index, follow, max-snippet:-1, max-image-preview:large, max-video-preview:-1\" \/>\n<link rel=\"canonical\" href=\"https:\/\/bichvi.azdigi.shop\/index.php\/product\/vi-nu-ngan-nap-gap-imee-size-11-ban-sao\/\" \/>\n<meta property=\"og:locale\" content=\"en_US\" \/>\n<meta property=\"og:type\" content=\"article\" \/>\n<meta property=\"og:title\" content=\"V\u00ed N\u1eef Ng\u1eafn N\u1eafp G\u1eadp Imee Size 11 (B\u1ea3n Sao) - nguyenthibichvi\" \/>\n<meta property=\"og:description\" content=\"Kh\u00e1m ph\u00e1 ngay v\u00ed n\u1eef HAPAS cao c\u1ea5p - m\u1eabu v\u00ed c\u1ea7m tay nh\u1ecf g\u1ecdn ho\u00e0n h\u1ea3o cho ph\u00e1i \u0111\u1eb9p. Thi\u1ebft k\u1ebf sang tr\u1ecdng, ti\u1ec7n d\u1ee5ng v\u1edbi nhi\u1ec1u ng\u0103n \u0111\u1ef1ng th\u1ebb\" \/>\n<meta property=\"og:url\" content=\"https:\/\/bichvi.azdigi.shop\/index.php\/product\/vi-nu-ngan-nap-gap-imee-size-11-ban-sao\/\" \/>\n<meta property=\"og:site_name\" content=\"nguyenthibichvi\" \/>\n<meta property=\"article:modified_time\" content=\"2026-04-12T00:29:03+00:00\" \/>\n<meta property=\"og:image\" content=\"https:\/\/bichvi.azdigi.shop\/wp-content\/uploads\/2026\/04\/hapas26-2-1_80902695cee24e8bb0cd4629d07cc7cb_master.jpg\" \/>\n\t<meta property=\"og:image:width\" content=\"1536\" \/>\n\t<meta property=\"og:image:height\" content=\"2048\" \/>\n\t<meta property=\"og:image:type\" content=\"image\/jpeg\" \/>\n<meta name=\"twitter:card\" content=\"summary_large_image\" \/>\n<meta name=\"twitter:label1\" content=\"Est. reading time\" \/>\n\t<meta name=\"twitter:data1\" content=\"2 minutes\" \/>\n<script type=\"application\/ld+json\" class=\"yoast-schema-graph\">{\"@context\":\"https:\/\/schema.org\",\"@graph\":[{\"@type\":\"WebPage\",\"@id\":\"https:\/\/bichvi.azdigi.shop\/index.php\/product\/vi-nu-ngan-nap-gap-imee-size-11-ban-sao\/\",\"url\":\"https:\/\/bichvi.azdigi.shop\/index.php\/product\/vi-nu-ngan-nap-gap-imee-size-11-ban-sao\/\",\"name\":\"V\u00ed N\u1eef Ng\u1eafn N\u1eafp G\u1eadp Imee Size 11 (B\u1ea3n Sao) - nguyenthibichvi\",\"isPartOf\":{\"@id\":\"https:\/\/bichvi.azdigi.shop\/#website\"},\"primaryImageOfPage\":{\"@id\":\"https:\/\/bichvi.azdigi.shop\/index.php\/product\/vi-nu-ngan-nap-gap-imee-size-11-ban-sao\/#primaryimage\"},\"image\":{\"@id\":\"https:\/\/bichvi.azdigi.shop\/index.php\/product\/vi-nu-ngan-nap-gap-imee-size-11-ban-sao\/#primaryimage\"},\"thumbnailUrl\":\"https:\/\/bichvi.azdigi.shop\/wp-content\/uploads\/2026\/04\/hapas26-2-1_80902695cee24e8bb0cd4629d07cc7cb_master.jpg\",\"datePublished\":\"2026-04-12T00:28:19+00:00\",\"dateModified\":\"2026-04-12T00:29:03+00:00\",\"description\":\"Kh\u00e1m ph\u00e1 ngay v\u00ed n\u1eef HAPAS cao c\u1ea5p - m\u1eabu v\u00ed c\u1ea7m tay nh\u1ecf g\u1ecdn ho\u00e0n h\u1ea3o cho ph\u00e1i \u0111\u1eb9p. Thi\u1ebft k\u1ebf sang tr\u1ecdng, ti\u1ec7n d\u1ee5ng v\u1edbi nhi\u1ec1u ng\u0103n \u0111\u1ef1ng th\u1ebb\",\"breadcrumb\":{\"@id\":\"https:\/\/bichvi.azdigi.shop\/index.php\/product\/vi-nu-ngan-nap-gap-imee-size-11-ban-sao\/#breadcrumb\"},\"inLanguage\":\"en-US\",\"potentialAction\":[{\"@type\":\"ReadAction\",\"target\":[\"https:\/\/bichvi.azdigi.shop\/index.php\/product\/vi-nu-ngan-nap-gap-imee-size-11-ban-sao\/\"]}]},{\"@type\":\"ImageObject\",\"inLanguage\":\"en-US\",\"@id\":\"https:\/\/bichvi.azdigi.shop\/index.php\/product\/vi-nu-ngan-nap-gap-imee-size-11-ban-sao\/#primaryimage\",\"url\":\"https:\/\/bichvi.azdigi.shop\/wp-content\/uploads\/2026\/04\/hapas26-2-1_80902695cee24e8bb0cd4629d07cc7cb_master.jpg\",\"contentUrl\":\"https:\/\/bichvi.azdigi.shop\/wp-content\/uploads\/2026\/04\/hapas26-2-1_80902695cee24e8bb0cd4629d07cc7cb_master.jpg\",\"width\":1536,\"height\":2048,\"caption\":\"V\u00ed n\u1eef ng\u1eafn n\u1eafp g\u1eadp Imee Size 11 cao c\u1ea5p\"},{\"@type\":\"BreadcrumbList\",\"@id\":\"https:\/\/bichvi.azdigi.shop\/index.php\/product\/vi-nu-ngan-nap-gap-imee-size-11-ban-sao\/#breadcrumb\",\"itemListElement\":[{\"@type\":\"ListItem\",\"position\":1,\"name\":\"Home\",\"item\":\"https:\/\/bichvi.azdigi.shop\/\"},{\"@type\":\"ListItem\",\"position\":2,\"name\":\"Shop\",\"item\":\"https:\/\/bichvi.azdigi.shop\/index.php\/shop\/\"},{\"@type\":\"ListItem\",\"position\":3,\"name\":\"V\u00ed N\u1eef Ng\u1eafn N\u1eafp G\u1eadp Imee Size 11 (B\u1ea3n Sao)\"}]},{\"@type\":\"WebSite\",\"@id\":\"https:\/\/bichvi.azdigi.shop\/#website\",\"url\":\"https:\/\/bichvi.azdigi.shop\/\",\"name\":\"nguyenthibichvi\",\"description\":\"\",\"potentialAction\":[{\"@type\":\"SearchAction\",\"target\":{\"@type\":\"EntryPoint\",\"urlTemplate\":\"https:\/\/bichvi.azdigi.shop\/?s={search_term_string}\"},\"query-input\":{\"@type\":\"PropertyValueSpecification\",\"valueRequired\":true,\"valueName\":\"search_term_string\"}}],\"inLanguage\":\"en-US\"}]}<\/script>\n<!-- \/ Yoast SEO plugin. -->","yoast_head_json":{"title":"V\u00ed N\u1eef Ng\u1eafn N\u1eafp G\u1eadp Imee Size 11 (B\u1ea3n Sao) - nguyenthibichvi","description":"Kh\u00e1m ph\u00e1 ngay v\u00ed n\u1eef HAPAS cao c\u1ea5p - m\u1eabu v\u00ed c\u1ea7m tay nh\u1ecf g\u1ecdn ho\u00e0n h\u1ea3o cho ph\u00e1i \u0111\u1eb9p. Thi\u1ebft k\u1ebf sang tr\u1ecdng, ti\u1ec7n d\u1ee5ng v\u1edbi nhi\u1ec1u ng\u0103n \u0111\u1ef1ng th\u1ebb","robots":{"index":"index","follow":"follow","max-snippet":"max-snippet:-1","max-image-preview":"max-image-preview:large","max-video-preview":"max-video-preview:-1"},"canonical":"https:\/\/bichvi.azdigi.shop\/index.php\/product\/vi-nu-ngan-nap-gap-imee-size-11-ban-sao\/","og_locale":"en_US","og_type":"article","og_title":"V\u00ed N\u1eef Ng\u1eafn N\u1eafp G\u1eadp Imee Size 11 (B\u1ea3n Sao) - nguyenthibichvi","og_description":"Kh\u00e1m ph\u00e1 ngay v\u00ed n\u1eef HAPAS cao c\u1ea5p - m\u1eabu v\u00ed c\u1ea7m tay nh\u1ecf g\u1ecdn ho\u00e0n h\u1ea3o cho ph\u00e1i \u0111\u1eb9p. Thi\u1ebft k\u1ebf sang tr\u1ecdng, ti\u1ec7n d\u1ee5ng v\u1edbi nhi\u1ec1u ng\u0103n \u0111\u1ef1ng th\u1ebb","og_url":"https:\/\/bichvi.azdigi.shop\/index.php\/product\/vi-nu-ngan-nap-gap-imee-size-11-ban-sao\/","og_site_name":"nguyenthibichvi","article_modified_time":"2026-04-12T00:29:03+00:00","og_image":[{"width":1536,"height":2048,"url":"https:\/\/bichvi.azdigi.shop\/wp-content\/uploads\/2026\/04\/hapas26-2-1_80902695cee24e8bb0cd4629d07cc7cb_master.jpg","type":"image\/jpeg"}],"twitter_card":"summary_large_image","twitter_misc":{"Est. reading time":"2 minutes"},"schema":{"@context":"https:\/\/schema.org","@graph":[{"@type":"WebPage","@id":"https:\/\/bichvi.azdigi.shop\/index.php\/product\/vi-nu-ngan-nap-gap-imee-size-11-ban-sao\/","url":"https:\/\/bichvi.azdigi.shop\/index.php\/product\/vi-nu-ngan-nap-gap-imee-size-11-ban-sao\/","name":"V\u00ed N\u1eef Ng\u1eafn N\u1eafp G\u1eadp Imee Size 11 (B\u1ea3n Sao) - nguyenthibichvi","isPartOf":{"@id":"https:\/\/bichvi.azdigi.shop\/#website"},"primaryImageOfPage":{"@id":"https:\/\/bichvi.azdigi.shop\/index.php\/product\/vi-nu-ngan-nap-gap-imee-size-11-ban-sao\/#primaryimage"},"image":{"@id":"https:\/\/bichvi.azdigi.shop\/index.php\/product\/vi-nu-ngan-nap-gap-imee-size-11-ban-sao\/#primaryimage"},"thumbnailUrl":"https:\/\/bichvi.azdigi.shop\/wp-content\/uploads\/2026\/04\/hapas26-2-1_80902695cee24e8bb0cd4629d07cc7cb_master.jpg","datePublished":"2026-04-12T00:28:19+00:00","dateModified":"2026-04-12T00:29:03+00:00","description":"Kh\u00e1m ph\u00e1 ngay v\u00ed n\u1eef HAPAS cao c\u1ea5p - m\u1eabu v\u00ed c\u1ea7m tay nh\u1ecf g\u1ecdn ho\u00e0n h\u1ea3o cho ph\u00e1i \u0111\u1eb9p. Thi\u1ebft k\u1ebf sang tr\u1ecdng, ti\u1ec7n d\u1ee5ng v\u1edbi nhi\u1ec1u ng\u0103n \u0111\u1ef1ng th\u1ebb","breadcrumb":{"@id":"https:\/\/bichvi.azdigi.shop\/index.php\/product\/vi-nu-ngan-nap-gap-imee-size-11-ban-sao\/#breadcrumb"},"inLanguage":"en-US","potentialAction":[{"@type":"ReadAction","target":["https:\/\/bichvi.azdigi.shop\/index.php\/product\/vi-nu-ngan-nap-gap-imee-size-11-ban-sao\/"]}]},{"@type":"ImageObject","inLanguage":"en-US","@id":"https:\/\/bichvi.azdigi.shop\/index.php\/product\/vi-nu-ngan-nap-gap-imee-size-11-ban-sao\/#primaryimage","url":"https:\/\/bichvi.azdigi.shop\/wp-content\/uploads\/2026\/04\/hapas26-2-1_80902695cee24e8bb0cd4629d07cc7cb_master.jpg","contentUrl":"https:\/\/bichvi.azdigi.shop\/wp-content\/uploads\/2026\/04\/hapas26-2-1_80902695cee24e8bb0cd4629d07cc7cb_master.jpg","width":1536,"height":2048,"caption":"V\u00ed n\u1eef ng\u1eafn n\u1eafp g\u1eadp Imee Size 11 cao c\u1ea5p"},{"@type":"BreadcrumbList","@id":"https:\/\/bichvi.azdigi.shop\/index.php\/product\/vi-nu-ngan-nap-gap-imee-size-11-ban-sao\/#breadcrumb","itemListElement":[{"@type":"ListItem","position":1,"name":"Home","item":"https:\/\/bichvi.azdigi.shop\/"},{"@type":"ListItem","position":2,"name":"Shop","item":"https:\/\/bichvi.azdigi.shop\/index.php\/shop\/"},{"@type":"ListItem","position":3,"name":"V\u00ed N\u1eef Ng\u1eafn N\u1eafp G\u1eadp Imee Size 11 (B\u1ea3n Sao)"}]},{"@type":"WebSite","@id":"https:\/\/bichvi.azdigi.shop\/#website","url":"https:\/\/bichvi.azdigi.shop\/","name":"nguyenthibichvi","description":"","potentialAction":[{"@type":"SearchAction","target":{"@type":"EntryPoint","urlTemplate":"https:\/\/bichvi.azdigi.shop\/?s={search_term_string}"},"query-input":{"@type":"PropertyValueSpecification","valueRequired":true,"valueName":"search_term_string"}}],"inLanguage":"en-US"}]}},"_links":{"self":[{"href":"https:\/\/bichvi.azdigi.shop\/index.php\/wp-json\/wp\/v2\/product\/606","targetHints":{"allow":["GET"]}}],"collection":[{"href":"https:\/\/bichvi.azdigi.shop\/index.php\/wp-json\/wp\/v2\/product"}],"about":[{"href":"https:\/\/bichvi.azdigi.shop\/index.php\/wp-json\/wp\/v2\/types\/product"}],"replies":[{"embeddable":true,"href":"https:\/\/bichvi.azdigi.shop\/index.php\/wp-json\/wp\/v2\/comments?post=606"}],"wp:featuredmedia":[{"embeddable":true,"href":"https:\/\/bichvi.azdigi.shop\/index.php\/wp-json\/wp\/v2\/media\/468"}],"wp:attachment":[{"href":"https:\/\/bichvi.azdigi.shop\/index.php\/wp-json\/wp\/v2\/media?parent=606"}],"wp:term":[{"taxonomy":"product_brand","embeddable":true,"href":"https:\/\/bichvi.azdigi.shop\/index.php\/wp-json\/wp\/v2\/product_brand?post=606"},{"taxonomy":"product_cat","embeddable":true,"href":"https:\/\/bichvi.azdigi.shop\/index.php\/wp-json\/wp\/v2\/product_cat?post=606"},{"taxonomy":"product_tag","embeddable":true,"href":"https:\/\/bichvi.azdigi.shop\/index.php\/wp-json\/wp\/v2\/product_tag?post=606"}],"curies":[{"name":"wp","href":"https:\/\/api.w.org\/{rel}","templated":true}]}}